{"id":150,"date":"2026-01-20T11:18:34","date_gmt":"2026-01-20T10:18:34","guid":{"rendered":"https:\/\/www.medskin21.at\/?product=emma-hardie"},"modified":"2026-02-22T07:31:05","modified_gmt":"2026-02-22T06:31:05","slug":"gentle-cleansing-milk","status":"publish","type":"product","link":"https:\/\/www.medskin21.at\/?product=gentle-cleansing-milk","title":{"rendered":"Gentle cleansing milk"},"content":{"rendered":"<div class=\"short-desc\">Extra milde Reinigungsmilch mit Anti-Pollution-Effekt<\/div>\n<div>Moringabaum-Extrakt befreit die Haut von Schadstoffen, Schmutzpartikeln und anderen Ablagerungen. Die sanfte Formel ohne Tenside gleicht Entz\u00fcndungen aus und sch\u00fctzt vor Irritationen. Ein Hydro-Komplex versorgt die Haut schon w\u00e4hrend der Reinigung mit Feuchtigkeit. Der Effekt: Die Haut ist porentief gereinigt und von Schadstoffen bereit.<\/div>\n","protected":false},"excerpt":{"rendered":"<p>Extra milde Reinigungsmilch mit Anti-Pollution-Effekt Moringabaum-Extrakt befreit die Haut von Schadstoffen, Schmutzpartikeln und anderen Ablagerungen. Die sanfte Formel ohne Tenside gleicht Entz\u00fcndungen aus und sch\u00fctzt vor Irritationen. Ein Hydro-Komplex versorgt die Haut schon w\u00e4hrend der Reinigung mit Feuchtigkeit. Der Effekt: Die Haut ist porentief gereinigt und von Schadstoffen bereit.<\/p>\n","protected":false},"featured_media":293,"comment_status":"closed","ping_status":"closed","template":"","meta":{"_acf_changed":false,"_crdt_document":"","om_disable_all_campaigns":false,"_joinchat":[]},"product_brand":[],"product_cat":[15],"product_tag":[],"class_list":{"0":"post-150","1":"product","2":"type-product","3":"status-publish","4":"has-post-thumbnail","6":"product_cat-uncategorized","8":"first","9":"instock","10":"shipping-taxable","11":"product-type-simple"},"acf":[],"yoast_head":"<!-- This site is optimized with the Yoast SEO plugin v27.5 - https:\/\/yoast.com\/product\/yoast-seo-wordpress\/ -->\n<title>Gentle cleansing milk - medskin21<\/title>\n<meta name=\"robots\" content=\"index, follow, max-snippet:-1, max-image-preview:large, max-video-preview:-1\" \/>\n<link rel=\"canonical\" href=\"https:\/\/www.medskin21.at\/?product=gentle-cleansing-milk\" \/>\n<meta property=\"og:locale\" content=\"de_DE\" \/>\n<meta property=\"og:type\" content=\"article\" \/>\n<meta property=\"og:title\" content=\"Gentle cleansing milk - medskin21\" \/>\n<meta property=\"og:description\" content=\"Extra milde Reinigungsmilch mit Anti-Pollution-Effekt Moringabaum-Extrakt befreit die Haut von Schadstoffen, Schmutzpartikeln und anderen Ablagerungen. Die sanfte Formel ohne Tenside gleicht Entz\u00fcndungen aus und sch\u00fctzt vor Irritationen. Ein Hydro-Komplex versorgt die Haut schon w\u00e4hrend der Reinigung mit Feuchtigkeit. Der Effekt: Die Haut ist porentief gereinigt und von Schadstoffen bereit.\" \/>\n<meta property=\"og:url\" content=\"https:\/\/www.medskin21.at\/?product=gentle-cleansing-milk\" \/>\n<meta property=\"og:site_name\" content=\"medskin21\" \/>\n<meta property=\"article:modified_time\" content=\"2026-02-22T06:31:05+00:00\" \/>\n<meta property=\"og:image\" content=\"https:\/\/www.medskin21.at\/wp-content\/uploads\/2026\/01\/50041_gentle_cleansing_milk-Kopie.jpg\" \/>\n\t<meta property=\"og:image:width\" content=\"1755\" \/>\n\t<meta property=\"og:image:height\" content=\"2480\" \/>\n\t<meta property=\"og:image:type\" content=\"image\/jpeg\" \/>\n<meta name=\"twitter:card\" content=\"summary_large_image\" \/>\n<meta name=\"twitter:label1\" content=\"Gesch\u00e4tzte Lesezeit\" \/>\n\t<meta name=\"twitter:data1\" content=\"1 Minute\" \/>\n<script type=\"application\/ld+json\" class=\"yoast-schema-graph\">{\"@context\":\"https:\\\/\\\/schema.org\",\"@graph\":[{\"@type\":\"WebPage\",\"@id\":\"https:\\\/\\\/www.medskin21.at\\\/?product=gentle-cleansing-milk\",\"url\":\"https:\\\/\\\/www.medskin21.at\\\/?product=gentle-cleansing-milk\",\"name\":\"Gentle cleansing milk - medskin21\",\"isPartOf\":{\"@id\":\"https:\\\/\\\/www.medskin21.at\\\/#website\"},\"primaryImageOfPage\":{\"@id\":\"https:\\\/\\\/www.medskin21.at\\\/?product=gentle-cleansing-milk#primaryimage\"},\"image\":{\"@id\":\"https:\\\/\\\/www.medskin21.at\\\/?product=gentle-cleansing-milk#primaryimage\"},\"thumbnailUrl\":\"https:\\\/\\\/www.medskin21.at\\\/wp-content\\\/uploads\\\/2026\\\/01\\\/50041_gentle_cleansing_milk-Kopie.jpg\",\"datePublished\":\"2026-01-20T10:18:34+00:00\",\"dateModified\":\"2026-02-22T06:31:05+00:00\",\"breadcrumb\":{\"@id\":\"https:\\\/\\\/www.medskin21.at\\\/?product=gentle-cleansing-milk#breadcrumb\"},\"inLanguage\":\"de-AT\",\"potentialAction\":[{\"@type\":\"ReadAction\",\"target\":[\"https:\\\/\\\/www.medskin21.at\\\/?product=gentle-cleansing-milk\"]}]},{\"@type\":\"ImageObject\",\"inLanguage\":\"de-AT\",\"@id\":\"https:\\\/\\\/www.medskin21.at\\\/?product=gentle-cleansing-milk#primaryimage\",\"url\":\"https:\\\/\\\/www.medskin21.at\\\/wp-content\\\/uploads\\\/2026\\\/01\\\/50041_gentle_cleansing_milk-Kopie.jpg\",\"contentUrl\":\"https:\\\/\\\/www.medskin21.at\\\/wp-content\\\/uploads\\\/2026\\\/01\\\/50041_gentle_cleansing_milk-Kopie.jpg\",\"width\":1755,\"height\":2480,\"caption\":\"ProEXR File Description =Attributes= channels (chlist) compression (compression): Zip dataWindow (box2i): [-3, -3, 3510, 4962] displayWindow (box2i): [0, 0, 3507, 4960] lineOrder (lineOrder): Increasing Y nuke\\\/full_layer_names (int): 0 nuke\\\/node_hash (string): \\\"fea5e12a31dfa6d7\\\" nuke\\\/version (string): \\\"11.0v2\\\" pixelAspectRatio (float): 1.000000 screenWindowCenter (v2f): [0.000000, 0.000000] screenWindowWidth (float): 1.000000 type (string): \\\"scanlineimage\\\" version (int): 1 =Channels= B (half) G (half) R (half) body.alpha (half) body.blue (half) body.green (half) body.red (half) shadow.blue (half) shadow.green (half) shadow.red (half) tex.alpha (half) tex.blue (half) tex.green (half) tex.red (half)\"},{\"@type\":\"BreadcrumbList\",\"@id\":\"https:\\\/\\\/www.medskin21.at\\\/?product=gentle-cleansing-milk#breadcrumb\",\"itemListElement\":[{\"@type\":\"ListItem\",\"position\":1,\"name\":\"Startseite\",\"item\":\"https:\\\/\\\/www.medskin21.at\\\/\"},{\"@type\":\"ListItem\",\"position\":2,\"name\":\"Shop\",\"item\":\"https:\\\/\\\/www.medskin21.at\\\/?page_id=9\"},{\"@type\":\"ListItem\",\"position\":3,\"name\":\"Gentle cleansing milk\"}]},{\"@type\":\"WebSite\",\"@id\":\"https:\\\/\\\/www.medskin21.at\\\/#website\",\"url\":\"https:\\\/\\\/www.medskin21.at\\\/\",\"name\":\"medskin21\",\"description\":\"\",\"publisher\":{\"@id\":\"https:\\\/\\\/www.medskin21.at\\\/#organization\"},\"potentialAction\":[{\"@type\":\"SearchAction\",\"target\":{\"@type\":\"EntryPoint\",\"urlTemplate\":\"https:\\\/\\\/www.medskin21.at\\\/?s={search_term_string}\"},\"query-input\":{\"@type\":\"PropertyValueSpecification\",\"valueRequired\":true,\"valueName\":\"search_term_string\"}}],\"inLanguage\":\"de-AT\"},{\"@type\":\"Organization\",\"@id\":\"https:\\\/\\\/www.medskin21.at\\\/#organization\",\"name\":\"medskin21\",\"url\":\"https:\\\/\\\/www.medskin21.at\\\/\",\"logo\":{\"@type\":\"ImageObject\",\"inLanguage\":\"de-AT\",\"@id\":\"https:\\\/\\\/www.medskin21.at\\\/#\\\/schema\\\/logo\\\/image\\\/\",\"url\":\"https:\\\/\\\/www.medskin21.at\\\/wp-content\\\/uploads\\\/2026\\\/01\\\/cropped-MedSkin21_Logo_Namen_RGB.jpg\",\"contentUrl\":\"https:\\\/\\\/www.medskin21.at\\\/wp-content\\\/uploads\\\/2026\\\/01\\\/cropped-MedSkin21_Logo_Namen_RGB.jpg\",\"width\":240,\"height\":107,\"caption\":\"medskin21\"},\"image\":{\"@id\":\"https:\\\/\\\/www.medskin21.at\\\/#\\\/schema\\\/logo\\\/image\\\/\"}}]}<\/script>\n<!-- \/ Yoast SEO plugin. -->","yoast_head_json":{"title":"Gentle cleansing milk - medskin21","robots":{"index":"index","follow":"follow","max-snippet":"max-snippet:-1","max-image-preview":"max-image-preview:large","max-video-preview":"max-video-preview:-1"},"canonical":"https:\/\/www.medskin21.at\/?product=gentle-cleansing-milk","og_locale":"de_DE","og_type":"article","og_title":"Gentle cleansing milk - medskin21","og_description":"Extra milde Reinigungsmilch mit Anti-Pollution-Effekt Moringabaum-Extrakt befreit die Haut von Schadstoffen, Schmutzpartikeln und anderen Ablagerungen. Die sanfte Formel ohne Tenside gleicht Entz\u00fcndungen aus und sch\u00fctzt vor Irritationen. Ein Hydro-Komplex versorgt die Haut schon w\u00e4hrend der Reinigung mit Feuchtigkeit. Der Effekt: Die Haut ist porentief gereinigt und von Schadstoffen bereit.","og_url":"https:\/\/www.medskin21.at\/?product=gentle-cleansing-milk","og_site_name":"medskin21","article_modified_time":"2026-02-22T06:31:05+00:00","og_image":[{"width":1755,"height":2480,"url":"https:\/\/www.medskin21.at\/wp-content\/uploads\/2026\/01\/50041_gentle_cleansing_milk-Kopie.jpg","type":"image\/jpeg"}],"twitter_card":"summary_large_image","twitter_misc":{"Gesch\u00e4tzte Lesezeit":"1 Minute"},"schema":{"@context":"https:\/\/schema.org","@graph":[{"@type":"WebPage","@id":"https:\/\/www.medskin21.at\/?product=gentle-cleansing-milk","url":"https:\/\/www.medskin21.at\/?product=gentle-cleansing-milk","name":"Gentle cleansing milk - medskin21","isPartOf":{"@id":"https:\/\/www.medskin21.at\/#website"},"primaryImageOfPage":{"@id":"https:\/\/www.medskin21.at\/?product=gentle-cleansing-milk#primaryimage"},"image":{"@id":"https:\/\/www.medskin21.at\/?product=gentle-cleansing-milk#primaryimage"},"thumbnailUrl":"https:\/\/www.medskin21.at\/wp-content\/uploads\/2026\/01\/50041_gentle_cleansing_milk-Kopie.jpg","datePublished":"2026-01-20T10:18:34+00:00","dateModified":"2026-02-22T06:31:05+00:00","breadcrumb":{"@id":"https:\/\/www.medskin21.at\/?product=gentle-cleansing-milk#breadcrumb"},"inLanguage":"de-AT","potentialAction":[{"@type":"ReadAction","target":["https:\/\/www.medskin21.at\/?product=gentle-cleansing-milk"]}]},{"@type":"ImageObject","inLanguage":"de-AT","@id":"https:\/\/www.medskin21.at\/?product=gentle-cleansing-milk#primaryimage","url":"https:\/\/www.medskin21.at\/wp-content\/uploads\/2026\/01\/50041_gentle_cleansing_milk-Kopie.jpg","contentUrl":"https:\/\/www.medskin21.at\/wp-content\/uploads\/2026\/01\/50041_gentle_cleansing_milk-Kopie.jpg","width":1755,"height":2480,"caption":"ProEXR File Description =Attributes= channels (chlist) compression (compression): Zip dataWindow (box2i): [-3, -3, 3510, 4962] displayWindow (box2i): [0, 0, 3507, 4960] lineOrder (lineOrder): Increasing Y nuke\/full_layer_names (int): 0 nuke\/node_hash (string): \"fea5e12a31dfa6d7\" nuke\/version (string): \"11.0v2\" pixelAspectRatio (float): 1.000000 screenWindowCenter (v2f): [0.000000, 0.000000] screenWindowWidth (float): 1.000000 type (string): \"scanlineimage\" version (int): 1 =Channels= B (half) G (half) R (half) body.alpha (half) body.blue (half) body.green (half) body.red (half) shadow.blue (half) shadow.green (half) shadow.red (half) tex.alpha (half) tex.blue (half) tex.green (half) tex.red (half)"},{"@type":"BreadcrumbList","@id":"https:\/\/www.medskin21.at\/?product=gentle-cleansing-milk#breadcrumb","itemListElement":[{"@type":"ListItem","position":1,"name":"Startseite","item":"https:\/\/www.medskin21.at\/"},{"@type":"ListItem","position":2,"name":"Shop","item":"https:\/\/www.medskin21.at\/?page_id=9"},{"@type":"ListItem","position":3,"name":"Gentle cleansing milk"}]},{"@type":"WebSite","@id":"https:\/\/www.medskin21.at\/#website","url":"https:\/\/www.medskin21.at\/","name":"medskin21","description":"","publisher":{"@id":"https:\/\/www.medskin21.at\/#organization"},"potentialAction":[{"@type":"SearchAction","target":{"@type":"EntryPoint","urlTemplate":"https:\/\/www.medskin21.at\/?s={search_term_string}"},"query-input":{"@type":"PropertyValueSpecification","valueRequired":true,"valueName":"search_term_string"}}],"inLanguage":"de-AT"},{"@type":"Organization","@id":"https:\/\/www.medskin21.at\/#organization","name":"medskin21","url":"https:\/\/www.medskin21.at\/","logo":{"@type":"ImageObject","inLanguage":"de-AT","@id":"https:\/\/www.medskin21.at\/#\/schema\/logo\/image\/","url":"https:\/\/www.medskin21.at\/wp-content\/uploads\/2026\/01\/cropped-MedSkin21_Logo_Namen_RGB.jpg","contentUrl":"https:\/\/www.medskin21.at\/wp-content\/uploads\/2026\/01\/cropped-MedSkin21_Logo_Namen_RGB.jpg","width":240,"height":107,"caption":"medskin21"},"image":{"@id":"https:\/\/www.medskin21.at\/#\/schema\/logo\/image\/"}}]}},"_links":{"self":[{"href":"https:\/\/www.medskin21.at\/index.php?rest_route=\/wp\/v2\/product\/150","targetHints":{"allow":["GET"]}}],"collection":[{"href":"https:\/\/www.medskin21.at\/index.php?rest_route=\/wp\/v2\/product"}],"about":[{"href":"https:\/\/www.medskin21.at\/index.php?rest_route=\/wp\/v2\/types\/product"}],"replies":[{"embeddable":true,"href":"https:\/\/www.medskin21.at\/index.php?rest_route=%2Fwp%2Fv2%2Fcomments&post=150"}],"wp:featuredmedia":[{"embeddable":true,"href":"https:\/\/www.medskin21.at\/index.php?rest_route=\/wp\/v2\/media\/293"}],"wp:attachment":[{"href":"https:\/\/www.medskin21.at\/index.php?rest_route=%2Fwp%2Fv2%2Fmedia&parent=150"}],"wp:term":[{"taxonomy":"product_brand","embeddable":true,"href":"https:\/\/www.medskin21.at\/index.php?rest_route=%2Fwp%2Fv2%2Fproduct_brand&post=150"},{"taxonomy":"product_cat","embeddable":true,"href":"https:\/\/www.medskin21.at\/index.php?rest_route=%2Fwp%2Fv2%2Fproduct_cat&post=150"},{"taxonomy":"product_tag","embeddable":true,"href":"https:\/\/www.medskin21.at\/index.php?rest_route=%2Fwp%2Fv2%2Fproduct_tag&post=150"}],"curies":[{"name":"wp","href":"https:\/\/api.w.org\/{rel}","templated":true}]}}